{"id":14,"date":"2013-05-15T16:28:12","date_gmt":"2013-05-15T16:28:12","guid":{"rendered":"http:\/\/www.peterreichle.de.web56.ims-firmen.de\/?page_id=14"},"modified":"2018-10-28T20:39:10","modified_gmt":"2018-10-28T20:39:10","slug":"biografie","status":"publish","type":"page","link":"http:\/\/www.peterreichle.de\/?page_id=14","title":{"rendered":"Biografie"},"content":{"rendered":"<p>&nbsp;<\/p>\n<table class=\"contenttable\" border=\"0\">\n<tbody>\n<tr>\n<td width=\"50%\" valign=\"top\"><a href=\"http:\/\/www.peterreichle.de\/wp-content\/uploads\/2013\/06\/biografie.jpg\"><img decoding=\"async\" loading=\"lazy\" class=\"size-medium wp-image-344 aligncenter\" src=\"http:\/\/www.peterreichle.de\/wp-content\/uploads\/2013\/06\/biografie-216x300.jpg\" alt=\"biografie\" width=\"216\" height=\"300\" srcset=\"http:\/\/www.peterreichle.de\/wp-content\/uploads\/2013\/06\/biografie-216x300.jpg 216w, http:\/\/www.peterreichle.de\/wp-content\/uploads\/2013\/06\/biografie.jpg 300w\" sizes=\"(max-width: 216px) 100vw, 216px\" \/><\/a><\/p>\n<p>&nbsp;<\/p>\n<p><span style=\"font-family: Times New Roman,serif;\"><span style=\"font-size: medium;\">P<\/span><\/span><span style=\"font-family: Times New Roman,serif;\"><span style=\"font-size: medium;\">eter Reichle ist Autodidakt, lebt in Biberach\/Riss und besch\u00e4ftigt sich intensiv mit experimenteller, abstrakter Acrylmalerei. Seine k\u00fcnstlerische Entwicklung begann 1990 zun\u00e4chst mit verschiedenen Wachsmaltechniken, deren verbl\u00fcffende optische Wirkung ihn schnell zu vielen gr\u00f6\u00dferen Einzelausstellungen, u. a. in Ulm, Frankfurt, K\u00f6ln, Konstanz, Bregenz, Biberach, Schloss Ummendorf und mehrmals in Garmisch-Partenkirchen verhalfen.<\/span><\/span><span style=\"font-family: Times New Roman,serif;\"><span style=\"font-size: medium;\">Seit 1993 experimentiert er nur noch mit Acrylfarbe und Leinwand, wobei er eine vielf\u00e4ltige Palette an Maltechniken und Effekten mit Hilfe von Pinsel und Spachtel erzielt. <\/span><\/span><span style=\"font-family: Times New Roman,serif;\"><span style=\"font-size: medium;\">Durch den Verzicht auf einen Rahmen und durch das markante, mehrere Zentimeter starke Seitenprofil der Bilder kommt das abstrakte Wechselspiel von Farben, Formen, Fl\u00e4chen und Strukturen besonders kr\u00e4ftig zur Geltung und gibt ihnen einen plakativen und zugleich, seitlich betrachtet, einen plattenartigen Charakter. <\/span><\/span><span style=\"font-family: Times New Roman,serif;\"><span style=\"font-size: medium;\">Die Freude am impulsiven aber trotzdem kontrollierten Arbeiten kommt in den kr\u00e4ftigen Malbewegungen zum Ausdruck, die sich in bizarren, leuchtenden Farbspuren der verschiedensten Form wiederspiegeln. Aber auch abstrakte, meditativ-ruhige Farbfl\u00e4chen geh\u00f6ren zum Schaffensbereich des Malers. <\/span><\/span><span style=\"font-family: Times New Roman,serif;\"><span style=\"font-size: medium;\">1998 er\u00f6ffnete Peter Reichle ein ger\u00e4umiges Atelier in einer ehemaligen Gerberei am Rande der Altstadt von Biberach, wo seit vielen Jahren neben dem Herstellen eigener Werke auch Malkurse durchgef\u00fchrt wurden.<\/span><\/span><\/p>\n<p><span style=\"font-family: Times New Roman,serif;\"><span style=\"font-size: medium;\">Die Werke von Peter Reichle sind inzwischen in vielen modernen Firmengeb\u00e4uden, Praxen und Privath\u00e4usern im gesamten s\u00fcddeutschen Raum zu finden.<\/span><\/span><\/p>\n<p><span style=\"font-family: Times New Roman,serif;\"><span style=\"font-size: medium;\">Genau 15 Jahre sp\u00e4ter entschloss sich Peter Reichle nach reiflicher \u00dcberlegung, in seiner k\u00fcnstlerischen Laufbahn einen neuen modernen Weg zu gehen. Eine virtuelle Verkaufsgalerie und ein \u201eflexibles Atelier\u201c ersetzen die bisherigen Atelierr\u00e4ume (siehe Button FLEXIBLES ATELIER )<\/span><\/span><\/p>\n<p><span style=\"font-family: Times New Roman,serif;\"><span style=\"font-size: medium;\">Durch mehrere Toskana- Malwochen hat Peter Reichle mit dem beweglichen Atelier bereits viele \u00e4u\u00dferst positive Erfahrungen gesammelt. Es macht den Menschen riesig Spa\u00df im Freien zu malen und das Firmenevent, das Gartenfest oder die Geburtstagsfeier werden ohne viel Aufwand zu einem spannenden Ereignis, auch f\u00fcr die Teilnehmer, die dabei nur zuschauen m\u00f6chten.<\/span><\/span><\/td>\n<\/tr>\n<\/tbody>\n<\/table>\n","protected":false},"excerpt":{"rendered":"<p>&nbsp; &nbsp; Peter Reichle ist Autodidakt, lebt in Biberach\/Riss und besch\u00e4ftigt sich intensiv mit experimenteller, abstrakter Acrylmalerei. Seine k\u00fcnstlerische Entwicklung begann 1990 zun\u00e4chst mit verschiedenen Wachsmaltechniken, deren verbl\u00fcffende optische Wirkung ihn schnell zu vielen gr\u00f6\u00dferen Einzelausstellungen, u. a. in Ulm, &hellip; <a href=\"http:\/\/www.peterreichle.de\/?page_id=14\">Weiterlesen <span class=\"meta-nav\">&rarr;<\/span><\/a><\/p>\n","protected":false},"author":1,"featured_media":0,"parent":0,"menu_order":0,"comment_status":"closed","ping_status":"closed","template":"","meta":{"ngg_post_thumbnail":0,"footnotes":""},"_links":{"self":[{"href":"http:\/\/www.peterreichle.de\/index.php?rest_route=\/wp\/v2\/pages\/14"}],"collection":[{"href":"http:\/\/www.peterreichle.de\/index.php?rest_route=\/wp\/v2\/pages"}],"about":[{"href":"http:\/\/www.peterreichle.de\/index.php?rest_route=\/wp\/v2\/types\/page"}],"author":[{"embeddable":true,"href":"http:\/\/www.peterreichle.de\/index.php?rest_route=\/wp\/v2\/users\/1"}],"replies":[{"embeddable":true,"href":"http:\/\/www.peterreichle.de\/index.php?rest_route=%2Fwp%2Fv2%2Fcomments&post=14"}],"version-history":[{"count":24,"href":"http:\/\/www.peterreichle.de\/index.php?rest_route=\/wp\/v2\/pages\/14\/revisions"}],"predecessor-version":[{"id":569,"href":"http:\/\/www.peterreichle.de\/index.php?rest_route=\/wp\/v2\/pages\/14\/revisions\/569"}],"wp:attachment":[{"href":"http:\/\/www.peterreichle.de\/index.php?rest_route=%2Fwp%2Fv2%2Fmedia&parent=14"}],"curies":[{"name":"wp","href":"https:\/\/api.w.org\/{rel}","templated":true}]}}